e factors of w.
2, 5, 487
Let k = 58842 + -20734. List the prime factors of k.
2, 7, 1361
Let n be 0*(10/(-5) - -3). Suppose y + 2*x - 6 = 4, -4*y + 5*x - 12 = n. Suppose 0*r = -y*r + 26. List the prime factors of r.
13
Let w = 3577 - -2868. What are the prime factors of w?
5, 1289
Let n = -486 + 479. List the prime factors of 1052/6*n/((-7)/3).
2, 263
Suppose -5*w = 3*t + 26, -3*w - t - 18 = 2*t. Let c = w + 7. Suppose 140 = 2*d + c*i, -d = -4*i - 42 - 50. List the prime factors of d.
2, 19
Suppose 11*i - 11 = -0*i. Let s = -22 + 17. What are the prime factors of s + 100 + -1 + i?
5, 19
Let x(v) = 45*v + 30. Let b be x(-6). Let t = 404 + b. Suppose -2*n - 2*u + t = 0, -3*n + 99 = -4*u - 175. List the prime factors of n.
2, 43
Let h(p) = 40 + 15*p**2 - 112*p + 97*p + 17*p**2. What are the prime factors of h(3)?
283
Let p(n) = -1254*n + 2127. What are the prime factors of p(-6)?
3, 3217
Suppose 366 = l + 5*l. Let z be l + (-5)/((-15)/9). Suppose 2*c - 164 = -z. What are the prime factors of c?
2, 5
Let y = 56493 + -29158. List the prime factors of y.
5, 7, 11, 71
Let l be ((-8)/40)/(1/(-5)). Suppose 0*c + 4*g = -5*c - l, -4*g - 19 = -c. Suppose c*r = 2*p + 247 + 39, 4*r + 2*p - 386 = 0. What are the prime factors of r?
2, 3
Let l(t) be the first derivative of -41*t - 41/2*t**2 + 48. List the prime factors of l(-6).
5, 41
Let f be (5 - 3)*-1 - 52/(-2). Let p(v) = 30*v**2 - 2 + f*v + 1 - 26*v**2. What are the prime factors of p(-7)?
3
Let s = -1196 + 3391. List the prime factors of s.
5, 439
Suppose 0 = l - 0*r + 4*r - 27, 4*l - 153 = -r. Suppose 5*s - 4*a = l, -7*s - 3*a + 45 = -4*s. Suppose -71 = 10*n - s*n. List the prime factors of n.
71
Let h be (-4)/(-10) + 16/10. Suppose -h*p = -3*y + 235, -2*y + 2*p = -3*y + 73. List the prime factors of y.
7, 11
Suppose -35*n - 334*n + 5647109 = -32*n. What are the prime factors of n?
13, 1289
Suppose -n = 2*k - 423, 0 = 4*k - 2*n - 417 - 409. Suppose -5*o - t - 665 = 0, -278 = 2*o - 0*o - 2*t. Let j = o + k. What are the prime factors of j?
3, 5
Let z(g) = g**3 - 25*g**2 + 18*g + 2. Let s be z(25). Suppose u - 445 = s. List the prime factors of u.
3, 13, 23
Suppose -j = 3*b + 260, -4*j - 1040 = -b - 0*b. Let f = j - -401. List the prime factors of f.
3, 47
Suppose -5*r = 2*q - 40, 0*r - 2*q = 2*r - 22. List the prime factors of (-56)/(8/r - (-2)/(-1)).
2, 3, 7
Let n be (-3 - 0/4)*8/6. Let m be 2/(((-2)/(-3))/(n/2)). What are the prime factors of 3 + m + 120/1?
3, 13
Let g(b) = 15*b**2 - 286*b + 52. What are the prime factors of g(23)?
1409
Suppose 4*g + 80 = 2*u, 3*u - 100 = -2*g - 2*g. List the prime factors of (-2 + 1)*(u + -529).
17, 29
Suppose 0*u = -5*d - u + 19, -2*d - 5*u = -3. Suppose -1662 = -d*g - 22. What are the prime factors of g?
2, 5, 41
Suppose -3*v = -15931 - 15956. Suppose -1119 = -12*h + v. What are the prime factors of h?
11, 89
Let l = -2670 - -5686. What are the prime factors of l?
2, 13, 29
Let r(k) = 64*k - 425. List the prime factors of r(46).
11, 229
Let c be (1 - -2)*1 + (-9)/3. Let n(v) = c - 2*v - 1 + 18*v**2 - 11*v**2. What are the prime factors of n(2)?
23
Suppose -i = -d + 4*d - 33, 4*d = -2*i + 60. Suppose 15884 - 1652 = i*z. List the prime factors of z.
593
Let d be (1/2)/((-3)/6)*26. Let o = d - -29. Suppose -o*c + 278 + 82 = 0. List the prime factors of c.
2, 3, 5
Let l be (96/(-9))/((-22)/33). Suppose 51*f = -l*f + 27336. What are the prime factors of f?
2, 3, 17
Let n(a) = 41*a**2 + 21*a - 338. List the prime factors of n(23).
2, 3, 1213
Let u = -30 + -724. Let y = -195 - u. What are the prime factors of y?
13, 43
Let m = 47 + -76. Let t = 34 + m. Let g(w) = 7*w + 1. What are the prime factors of g(t)?
2, 3
Suppose 0 = -3*j + 3*z + 142895 + 83722, 3*z = 7*j - 528785. What are the prime factors of j?
2, 107, 353
Let a(d) = 5*d + 132. Let u(q) = -9*q - 263. Let j(v) = -5*a(v) - 3*u(v). Let z be j(0). Let l = 194 - z. What are the prime factors of l?
5, 13
Let f(n) = n**2 + 8*n - 1. Let p be f(-9). Let b be 7*(p/7)/(-4). List the prime factors of ((-2)/(-10))/((-8)/1460)*b.
73
Let n be 2 - (1738/55)/((-2)/(-120)). List the prime factors of n/(-14) + ((-44)/7 - -6).
3, 5
Let g = 24 - 15. Let d = -38 + 49. Suppose d*q - 90 = g*q. What are the prime factors of q?
3, 5
Suppose 2*m - 4*s - 5158 = 0, 0 = -4*m + 83*s - 81*s + 10334. List the prime factors of m.
5, 11, 47
List the prime factors of 35/(-7 - (-9740)/1390).
5, 7, 139
Let o be 31522/(-34) + (-28)/(-238). List the prime factors of (6*o/6)/(-3 - -2).
3, 103
Let r = -1338 + 14868. What are the prime factors of r?
2, 3, 5, 11, 41
Let t be -6*5/105*-287. Let c = 384 - t. What are the prime factors of c?
2, 151
Let a(t) = 14*t + 23. Let w be a(-2). What are the prime factors of (-280)/6*(w + 13 + -29)?
2, 5, 7
Let g be 27538 + (-8 - 2 - -7). List the prime factors of (-27)/(-45) - (g/(-25) + 2).
2, 5, 11
List the prime factors of 1/(5/38917) + (-1074)/2685.
43, 181
Let m(j) = 4*j**2 - 14*j - 8*j - 5*j**2 - 4. Let r = 5160 + -5175. List the prime factors of m(r).
101
Suppose -5*p + 2*o + 0*o + 115632 = 0, -p + 23127 = -o. What are the prime factors of p?
2, 31, 373
Let p(s) = 2*s**3 - 13*s**2 + 122*s - 13. List the prime factors of p(16).
6803
Let w = 11023 + -7357. Suppose -8*q = -14*q - w. Let h = -427 - q. List the prime factors of h.
2, 23
Let d(s) = 28*s**2 - 11*s - 5. Suppose 4 = -4*k + 16. What are the prime factors of d(k)?
2, 107
Let c = -89 + 33. Let o = c - -59. What are the prime factors of (-106)/12*o*-4?
2, 53
Suppose 19*o + w - 7969 = 18*o, o + 4*w = 7969. List the prime factors of o.
13, 613
Suppose 0 = 2*j + 4*r - 100, -5*j - 6*r = -r - 255. Suppose 5*b + j = -2*y, -2*b + 4 = -b. List the prime factors of 4/(1 + 33/y).
2, 3
Suppose -5*j + 3*s = -7340, 0 = -j + s + 1841 - 375. What are the prime factors of j?
1471
Suppose 2*g + 760 = 2576. What are the prime factors of g?
2, 227
Suppose 0 = y - 3*o - 9, y - 4*o - 4 = 0. Suppose 4*v = 4*x - 136 + y, 4*x + 96 = -4*v. List the prime factors of (-4)/v - 2205/(-117).
19
Suppose 2*d = -3*x + 15, 5*d + 12 = 3*x - 3. Suppose 0*m - 5*c + 1008 = 2*m, -x*c + 2026 = 4*m. What are the prime factors of m?
509
Let b(i) = -i + 7*i - 2*i - 23 - 2*i. Let o be b(14). Suppose 4 = -o*p - 11, p + 58 = k. What are the prime factors of k?
5, 11
Let o(n) = 145*n**3 - 6*n. Let p(z) = 146*z**3 - 7*z. Let q(v) = -6*o(v) + 5*p(v). Suppose 34 = 11*l + 45. List the prime factors of q(l).
139
Let k = -61363 + 126073. What are the prime factors of k?
2, 3, 5, 719
Let q be (1/(6/(-10)))/((-16)/240). Let g = -47 + q. What are the prime factors of 7/(28/8)*g/(-2)?
2, 11
Let p = 20145 + 7598. List the prime factors of p.
27743
Suppose -6*w + 50 = -46. Let s = 20 - w. Suppose -s*f = -2*y + 10, 3*y + 5*f - 70 = -2*y. What are the prime factors of y?
11
Let j(m) = 9*m**2 - 6*m + 1. Let p be j(1). Suppose p*o + 15*o - 8493 = 0. List the prime factors of o.
3, 149
Let k = -45 - -97. Suppose 0*h + 5*n = -h - 9, 4*h = 2*n + k. Suppose -185 = -h*z + 277. List the prime factors of z.
2, 3, 7
Suppose 7*d = 2*d + 100. Let r(f) = -d*f + 26*f + 4 + 10. List the prime factors of r(11).
2, 5
Suppose 2*v - 23 = -5*u, 4*v + 2*u = -v + 26. Let j be v - -4*(150 - -1). Suppose 13*t - 21*t + j = 0. What are the prime factors of t?
2, 19
Let k(a) = 14*a**2 - 12*a + 5 + 0*a**3 + 0 + 2*a**3 - 3*a**3. Let o = 13 - 1. List the prime factors of k(o).
149
Suppose -201030 = -72*s - 1734. What are the prime factors of s?
2, 173
Suppose 70*r - 71*r = -8242 - 8094. What are the prime factors of r?
2, 1021
Let h(m) = 723*m - 7. Let l(c) = 2172*c - 20. Let g(d) = 17*h(d) - 6*l(d). List the prime factors of g(-1).
2, 7, 53
Let c(k) = -4*k**2 - 6*k + 2. Let d be c(-3). Let o be 13 + d + (0 - 47). Let u = -45 - o. What are the prime factors of u?
5
Let m(a) = -17*a - 90. Let h be m(-8). Suppose -h*i = -37*i - 5769. What are the prime factors of i?
641
Suppose -2*m - 8*b = -13*b - 27, 4*b = -2*m - 18. What are the prime factors of 28 + -27 + 275/m?
2, 3, 23
Let p(g) = -47*g + 39. Let h be p(7). Let r = 448 + h. What are the prime factors of r?
2, 79
Suppose 0 = 2*d + 3*x - 6229, 2*d + 9*x = 5*x + 6226. Suppose 4*b - 2*n = 2810, d = 3*b - 3*n + 1004. What are the prime factors of b?
2, 5, 7
Suppose 0 = 17*v - 16*v - 520. Sup